{"id":4390,"date":"2020-01-17T10:29:17","date_gmt":"2020-01-17T10:29:17","guid":{"rendered":"http:\/\/martalosada.com\/?page_id=4390"},"modified":"2021-09-30T11:26:25","modified_gmt":"2021-09-30T11:26:25","slug":"impuesto-sobre-la-renta-de-las-personas-fisicas","status":"publish","type":"page","link":"https:\/\/martalosada.com\/?page_id=4390","title":{"rendered":"Impuesto sobre la Renta de las Personas F\u00edsicas -IRPF-"},"content":{"rendered":"<p>He participado en el <strong>curso de Formaci\u00f3n<\/strong> del Impuesto sobre la Renta 2017, en el marco de colaboraci\u00f3n entre el Ayuntamiento de Gij\u00f3n y la Agencia Estatal de Administraci\u00f3n Tributaria, en relaci\u00f3n a los servicios de asistencia a los contribuyentes mediante rectificaci\u00f3n y\/o confirmaci\u00f3n del borrador y de la confecci\u00f3n y presentaci\u00f3n de declaraciones de la Campa\u00f1a de la Renta 2017, del 25 de abril de 2018 al 9 de mayo de 2018, con una duraci\u00f3n de 40 horas.<\/p>\n<p>Adem\u00e1s, he participado en la Campa\u00f1a de la Renta 2017 desde el 10 de mayo de 2018 hasta el 2 de julio de 2018 en calidad de tomador de datos. Llev\u00e9 a cabo tareas de atenci\u00f3n al p\u00fablico, <strong>confecci\u00f3n de borradores y de declaraciones de renta. <\/strong>Desarroll\u00e9 mis tareas en los Centros que el Ayuntamiento de Gij\u00f3n puso a disposici\u00f3n para prestar dicho servicio.<\/p>\n<p>Mi trabajo en este campo comienza por determinar quienes est\u00e1n <strong>obligados<\/strong> a presentar declaraci\u00f3n IRPF, pues hay contribuyentes que, a pesar de obtenci\u00f3n de renta, no est\u00e1n obligados por no superar los l\u00edmites establecidos. Tambi\u00e9n se habr\u00e1 de tener en cuenta la delimitaci\u00f3n negativa del hecho imponible -obtenci\u00f3n de renta-, regulada en el art\u00edculo 7 de la Ley IRPF, ya que hay rentas exentas y otras no sujetas.<\/p>\n<p>A la hora de confeccionar y presentar la declaraci\u00f3n tengo en cuenta si se puede aplicar alguna reducci\u00f3n en la base imponible. Por ejemplo, por tributaci\u00f3n conjunta, por atenci\u00f3n a situaciones de dependencia y envejecimiento \u00a0o aplicaciones de renta. Aplico, siempre que de lugar,\u00a0 las deducciones establecidas legalmente -como la del alquiler de vivienda habitual, maternidad, familia numerosa o personas con discapacidad a cargo-.<\/p>\n<p>El <strong>plazo<\/strong> de presentaci\u00f3n de la declaraci\u00f3n por v\u00eda electr\u00f3nica, cuando sale a devolver, es desde el 1 de abril hasta el 30 de junio de 2020. Si es a ingresar, con domiciliaci\u00f3n bancaria, ser\u00e1 desde el 1 de abril hasta el 25 de junio de 2020. Y si es a ingresar, sin domiciliaci\u00f3n bancaria ser\u00e1 desde el 1 de abril hasta el 30 de junio de 2020.<\/p>\n","protected":false},"excerpt":{"rendered":"<p>He participado en el curso de Formaci\u00f3n del Impuesto sobre la Renta 2017, en el marco de colaboraci\u00f3n entre el Ayuntamiento de [&hellip;]<\/p>\n","protected":false},"author":1,"featured_media":0,"parent":0,"menu_order":0,"comment_status":"closed","ping_status":"closed","template":"elementor_header_footer","meta":{"_monsterinsights_skip_tracking":false,"_monsterinsights_sitenote_active":false,"_monsterinsights_sitenote_note":"","_monsterinsights_sitenote_category":0,"footnotes":""},"class_list":["post-4390","page","type-page","status-publish","hentry"],"amp_enabled":false,"_links":{"self":[{"href":"https:\/\/martalosada.com\/index.php?rest_route=\/wp\/v2\/pages\/4390","targetHints":{"allow":["GET"]}}],"collection":[{"href":"https:\/\/martalosada.com\/index.php?rest_route=\/wp\/v2\/pages"}],"about":[{"href":"https:\/\/martalosada.com\/index.php?rest_route=\/wp\/v2\/types\/page"}],"author":[{"embeddable":true,"href":"https:\/\/martalosada.com\/index.php?rest_route=\/wp\/v2\/users\/1"}],"replies":[{"embeddable":true,"href":"https:\/\/martalosada.com\/index.php?rest_route=%2Fwp%2Fv2%2Fcomments&post=4390"}],"version-history":[{"count":15,"href":"https:\/\/martalosada.com\/index.php?rest_route=\/wp\/v2\/pages\/4390\/revisions"}],"predecessor-version":[{"id":4628,"href":"https:\/\/martalosada.com\/index.php?rest_route=\/wp\/v2\/pages\/4390\/revisions\/4628"}],"wp:attachment":[{"href":"https:\/\/martalosada.com\/index.php?rest_route=%2Fwp%2Fv2%2Fmedia&parent=4390"}],"curies":[{"name":"wp","href":"https:\/\/api.w.org\/{rel}","templated":true}]}}