{"id":4554,"date":"2020-03-29T17:01:26","date_gmt":"2020-03-29T17:01:26","guid":{"rendered":"https:\/\/martalosada.com\/?page_id=4554"},"modified":"2021-09-30T11:30:44","modified_gmt":"2021-09-30T11:30:44","slug":"tratamiento-de-datos-de-clientes","status":"publish","type":"page","link":"https:\/\/martalosada.com\/?page_id=4554","title":{"rendered":"Privacidad"},"content":{"rendered":"<p><strong><u>TRATAMIENTO DE DATOS DE CLIENTES<\/u><\/strong><\/p>\n<p><strong>Cl\u00e1usula informativa<\/strong>:<\/p>\n<p>Datos del responsable del tratamiento:<\/p>\n<p>Identidad: Marta Losada, Abogada<\/p>\n<p>Direcci\u00f3n postal: C\/ \u00c1lvarez Garaya\u00a0 13-1\u00ba 33206 Gij\u00f3n<\/p>\n<p>Tel\u00e9fono: 667540116 &#8211; Correo electr\u00f3nico: martalosadaletrada@gmail.com<\/p>\n<p>&nbsp;<\/p>\n<p>\u201cEn Marta Losada, Abogada tratamos la informaci\u00f3n que nos facilita con el fin de prestarles el servicio solicitado y realizar su facturaci\u00f3n. Los datos proporcionados se conservar\u00e1n mientras se mantenga la relaci\u00f3n comercial o durante el tiempo necesario para cumplir con las obligaciones legales y atender las posibles responsabilidades que pudieran derivar del cumplimiento de la finalidad para la que los datos fueron recabados. Los datos no se ceder\u00e1n a terceros salvo en los casos en que exista una obligaci\u00f3n legal. Usted tiene derecho a obtener informaci\u00f3n sobre si en Marta Losada, Abogada estamos tratando sus datos personales, por lo que puede ejercer sus derechos de acceso, rectificaci\u00f3n, supresi\u00f3n y portabilidad de datos y oposici\u00f3n y limitaci\u00f3n a su tratamiento ante Marta Losada, Abogada, C\/ \u00c1lvarez Garaya\u00a0 13-1\u00ba 33206 Gij\u00f3n o en la direcci\u00f3n de correo electr\u00f3nico martalosadaletrada@gmail.com adjuntando copia de su DNI o documento equivalente.\u00a0 Asimismo, y especialmente si considera que no ha obtenido satisfacci\u00f3n plena en el ejercicio de sus derechos podr\u00e1 presentar una reclamaci\u00f3n ante la autoridad nacional de control dirigi\u00e9ndose a estos efectos a la Agencia Espa\u00f1ola de Protecci\u00f3n de Datos, C\/ Jorge Juan, 6 \u2013 28001 Madrid.<\/p>\n<p>Asimismo, solicitamos su autorizaci\u00f3n para ofrecerle productos y servicios relacionados con los contratados y fidelizarle como cliente.\u201d<\/p>\n","protected":false},"excerpt":{"rendered":"<p>TRATAMIENTO DE DATOS DE CLIENTES Cl\u00e1usula informativa: Datos del responsable del tratamiento: Identidad: Marta Losada, Abogada Direcci\u00f3n postal: C\/ \u00c1lvarez Garaya\u00a0 13-1\u00ba [&hellip;]<\/p>\n","protected":false},"author":1,"featured_media":0,"parent":0,"menu_order":0,"comment_status":"closed","ping_status":"closed","template":"elementor_header_footer","meta":{"_monsterinsights_skip_tracking":false,"_monsterinsights_sitenote_active":false,"_monsterinsights_sitenote_note":"","_monsterinsights_sitenote_category":0,"footnotes":""},"class_list":["post-4554","page","type-page","status-publish","hentry"],"amp_enabled":false,"_links":{"self":[{"href":"https:\/\/martalosada.com\/index.php?rest_route=\/wp\/v2\/pages\/4554","targetHints":{"allow":["GET"]}}],"collection":[{"href":"https:\/\/martalosada.com\/index.php?rest_route=\/wp\/v2\/pages"}],"about":[{"href":"https:\/\/martalosada.com\/index.php?rest_route=\/wp\/v2\/types\/page"}],"author":[{"embeddable":true,"href":"https:\/\/martalosada.com\/index.php?rest_route=\/wp\/v2\/users\/1"}],"replies":[{"embeddable":true,"href":"https:\/\/martalosada.com\/index.php?rest_route=%2Fwp%2Fv2%2Fcomments&post=4554"}],"version-history":[{"count":5,"href":"https:\/\/martalosada.com\/index.php?rest_route=\/wp\/v2\/pages\/4554\/revisions"}],"predecessor-version":[{"id":4608,"href":"https:\/\/martalosada.com\/index.php?rest_route=\/wp\/v2\/pages\/4554\/revisions\/4608"}],"wp:attachment":[{"href":"https:\/\/martalosada.com\/index.php?rest_route=%2Fwp%2Fv2%2Fmedia&parent=4554"}],"curies":[{"name":"wp","href":"https:\/\/api.w.org\/{rel}","templated":true}]}}